w. Suppose 67 = 5*b + 7. What is the greatest common divisor of w and b?
12
Let i(o) = -3*o + 382. Let g be i(-22). What is the greatest common factor of g and 84?
28
Let s be -4 + -6*(-4 + 1)/(-6). Let z(w) = w**3 + 9*w**2 + 5*w - 8. Let x be z(s). Calculate the highest common divisor of x and 605.
55
Suppose -11*d - 2*v + 32 = -9*d, 4*v = d + 9. Calculate the highest common divisor of 198 and d.
11
Let l(m) = 13*m**2 + 7*m - 13. Let b be l(12). What is the greatest common divisor of b and 67?
67
Let p be 1082/(-14) - (-2)/7. Suppose 279 = -10*o - 1091. Let i = p - o. What is the greatest common divisor of i and 24?
12
Let l be (1296/(-30))/((-2)/10). Let y = l + -108. Suppose -y = -5*z + 92. What is the highest common factor of z and 16?
8
Suppose -224 = -8*g + 256. What is the highest common divisor of 135 and g?
15
Suppose -4*n - n = -2335. Let f = n - 180. What is the greatest common factor of 41 and f?
41
Let v = 41 - 36. Suppose 0 = -2*a - 2*r + 39 - v, 3*r + 21 = 3*a. What is the greatest common divisor of 4 and a?
4
Suppose 0 = 5*v - 37 + 2. Suppose -4*p = 20, v*y - 105 = 3*y + p. Suppose -6*h = -h - y. Calculate the greatest common factor of h and 15.
5
Let i(p) = 22*p + 382. Let a be i(-16). What is the greatest common factor of 590 and a?
10
Let a be 14/1 + -2 + 3. Let y be ((-25)/20)/(2/(-96)). Calculate the highest common factor of y and a.
15
Let d(j) = 14*j + 2. Let a be d(6). Let x = a + -6. Let f(o) = 7*o - 3. Let y be f(5). What is the greatest common factor of y and x?
16
Suppose -2*y + 660 = 20*q - 15*q, -2*q + 264 = -2*y. What is the greatest common divisor of 286 and q?
22
Suppose 390 = 4*f + f. Let h be 12/(-102) + 219/(-17). Let k(g) = -g**3 - 12*g**2 + 11*g. Let m be k(h). What is the highest common factor of f and m?
26
Let j = -15 + 19. Suppose j*w = 13 + 35. Suppose -197 - 43 = -4*g. What is the greatest common divisor of g and w?
12
Suppose 76*j = 70*j + 198. What is the highest common divisor of j and 121?
11
Suppose 288 = 14*k - 2*k. Calculate the greatest common divisor of 208 and k.
8
Let h(c) = -c**2 + c - 1. Let d be h(0). Let l be (0 - -37) + (-2 - d). Let i be (-2030)/(-493) + (-6)/51. Calculate the greatest common factor of i and l.
4
Suppose -164*w + 150*w = -1274. Calculate the highest common factor of 2821 and w.
91
Let k(o) = -26*o + 1. Let x be k(-1). Let m(d) = -19*d + 437. Let t be m(23). Suppose -3*q = -t*q - x. Calculate the highest common divisor of 72 and q.
9
Let q be (-1)/4 - (-1300)/16. Suppose 5*x = z + q, 0 = x + 4*x - 3*z - 83. Let a be (-1)/((-7)/894) + 40/140. Calculate the highest common factor of x and a.
16
Let k be (8/(-10))/((-2)/10). Let y = 56 - 2. Let c = -50 + y. Calculate the greatest common factor of c and k.
4
Suppose 60 = j + 4*j - 5*t, -j + 4*t = -6. Calculate the highest common factor of j and 1134.
14
Let p be (1 - (-30)/21)/(1/7). Calculate the greatest common factor of 4 and p.
1
Let v(u) = 11*u**2 - u - 8. Let o be v(-5). What is the greatest common divisor of o and 34?
34
Suppose -t = 3*s - 7, 15 - 31 = -4*s + 2*t. Suppose j + j = 18. What is the highest common divisor of j and s?
3
Suppose 11*k + 81*k = 3036. Calculate the highest common divisor of 44 and k.
11
Let t = 49 + -40. Let m(l) = l**2 - 9*l + 22. Let c be m(t). Calculate the greatest common divisor of 242 and c.
22
Suppose -4*m = -6*m - 2*n + 28, 2*m + 3*n = 29. Let l = 16 - m. What is the greatest common factor of l and 9?
3
Let f(a) = a**3 + 7*a**2 + 12*a + 31. Let u be f(-5). What is the highest common divisor of u and 14?
7
Suppose 0 = 2*i - 3*i, 3*v = 5*i + 1155. Calculate the greatest common divisor of v and 110.
55
Suppose 0*l - l + 2*r + 86 = 0, 2*l - 140 = -4*r. What is the greatest common divisor of 260 and l?
26
Let t(c) = 2*c - 23. Let m be t(0). Let k = -18 - m. Calculate the highest common factor of k and 25.
5
Let h(y) = y**3 + 5*y**2 - 15*y - 7. Let p be h(-7). Suppose -t + x + 2*x + 64 = p, -3 = x. Calculate the highest common divisor of 22 and t.
11
Suppose 3*j = -172 + 187. Calculate the highest common divisor of j and 515.
5
Let x be ((-2)/6)/(-3*8/4968). Calculate the highest common factor of 69 and x.
69
Suppose 0 = 4*v + l - 78 - 183, -5*l - 167 = -3*v. What is the highest common divisor of 128 and v?
64
Let j be (-1516)/(-40) + 3/30. Let w = -5 - -9. Suppose l - j + w = 0. What is the highest common divisor of 51 and l?
17
Suppose -2*w - 4*k + 32 = 0, 0 = -0*w + 4*w + 4*k - 48. Let v = 17 + -9. Calculate the highest common factor of v and w.
8
Let n be ((-2)/3)/((-50)/525). Calculate the highest common factor of n and 2.
1
Suppose 39*a - 35*a - 72 = 0. What is the highest common divisor of a and 126?
18
Let k = -2 - -8. Let f(c) = 6*c - 3. Let a be f(k). Let n(p) = 4*p**2 - 3*p + 66. Let l be n(9). Calculate the highest common factor of a and l.
33
Let r(x) = x**2 + 4*x - 5. Let b be r(7). Suppose -30 = -14*t + 82. What is the greatest common divisor of b and t?
8
Let f be (-9)/(648/(-880)) - (-4)/(-18). Let p(z) = 2*z**2 - 6*z. Let v be p(4). What is the greatest common factor of v and f?
4
Suppose 0 + 10 = 2*f - 2*v, 0 = 4*v + 8. Let n be 0 + f*(-38)/(-6). Suppose k + 4 - n = -4*j, -4*j = -k + 15. What is the highest common divisor of k and 15?
15
Let j(u) be the second derivative of -2*u**3 - u**2/2 - 2*u. Let p be j(3). Let k = 86 + p. What is the greatest common factor of 7 and k?
7
Let d = 424 - 346. What is the greatest common factor of d and 104?
26
Suppose 4744 = 4*u + 4*b, 1914 - 6644 = -4*u + 3*b. Calculate the greatest common factor of 37 and u.
37
Suppose -143 = 8*c - 311. Let a(y) = -y**3 + 8*y**2 + 11*y - 11. Let m be a(9). What is the greatest common factor of c and m?
7
Let u(i) = 4*i - 56. Let r be u(21). Calculate the greatest common divisor of 308 and r.
28
Suppose -2*w = 2*w - 36. Let t(d) = 1 - 1 + 2 + w*d + 1. Let m be t(3). Calculate the greatest common factor of 10 and m.
10
Let c = 3 + 0. Let j be ((-27)/(-5))/((-1)/(-5)). Suppose 0 = -3*t + 2*t + j. Calculate the greatest common factor of c and t.
3
Let j = -357 + 544. What is the greatest common divisor of 17 and j?
17
Suppose -3*f + 2700 - 585 = 0. What is the highest common factor of f and 15?
15
Let l = 58 - 53. Suppose l*u - 988 = 772. What is the highest common divisor of u and 32?
32
Let j be 1*(21 - (-6 - -2)). Calculate the greatest common factor of j and 5.
5
Suppose 6*h + 0*h = 1836. What is the highest common divisor of h and 36?
18
Let x = -617 - -761. What is the greatest common divisor of 648 and x?
72
Let x be 54/(-10)*(-26 - -21). Let g = 245 - 110. What is the greatest common factor of x and g?
27
Let z be 915/(-12) + (-3)/4. Let i be (5 + z)*2/(-6). Suppose -3*p + a + 13 = -4*a, 5*a - 5 = 0. What is the highest common divisor of i and p?
6
Suppose -37 + 136 = 11*n. What is the greatest common factor of n and 18?
9
Suppose -5*k = 2*x - 80, -x + 3*k = -29 - 22. What is the greatest common factor of x and 1?
1
Let i be (-60)/(-14) + (-8)/28. Suppose -i*n - b - b = -758, -394 = -2*n - 4*b. What is the highest common factor of 17 and n?
17
Let i(n) = -2*n**3 - 3*n**2 - 6*n - 7. Let w be i(-3). Suppose -2*r + w = 10. Calculate the highest common factor of 112 and r.
14
Let o be 672/8 + 2/2. Suppose -f - 40 = -9*f. Calculate the greatest common factor of f and o.
5
Let x = -129 + 274. Let r = x + -104. What is the highest common factor of r and 369?
41
Let b be (-18)/(-3) + 2/(-1). Suppose -5*o - 2*x - x + 119 = 0, b*x - 12 = 0. What is the greatest common divisor of 22 and o?
22
Suppose -14*b + 10*b = 0. Suppose -5*l + 308 - 98 = b. Calculate the highest common divisor of l and 28.
14
Let m(p) = 10*p - 1. Let g(o) = -o. Let z(v) = -3*g(v) - m(v). Let t be z(-2). Let a be (-1)/((15 - 25)/1200). Calculate the greatest common divisor of a and t.
15
Let a = 110 + -115. Let o be (a + (-70)/(-6))*27. Let p = 4 - -16. What is the greatest common divisor of o and p?
20
Suppose -11 = -5*z + 9, 7 = 3*w + z. Let s be (w/(-2))/(1/2). Let o be (s - -120) + 1 + 0. What is the greatest common divisor of 15 and o?
15
Suppose 5*o + r - 3839 = -1085, -o - 2*r = -549. What is the highest common divisor of 29 and o?
29
Let z be (4 - 2)*(-18)/(-12). Suppose -2*w - z*w + 30 = 0. Let g be (9/(-6))/(w/(-140)). C